465083 and 46?
23
Calculate the greatest common divisor of 530673 and 13.
13
What is the highest common divisor of 290 and 316535?
145
Calculate the highest common divisor of 1854 and 94142.
206
What is the greatest common divisor of 9 and 1701711?
9
Calculate the greatest common divisor of 4 and 168242.
2
Calculate the highest common factor of 37027 and 488.
61
Calculate the highest common divisor of 693476 and 56.
28
What is the highest common factor of 442 and 62010?
26
What is the greatest common divisor of 169 and 325?
13
What is the greatest common factor of 265 and 3684560?
265
Calculate the highest common factor of 244 and 522038.
122
What is the greatest common divisor of 761047 and 609?
203
What is the greatest common divisor of 1920 and 20820?
60
What is the highest common factor of 68790 and 135?
15
What is the greatest common divisor of 1378 and 2834?
26
What is the highest common divisor of 579 and 75463?
193
What is the greatest common factor of 60582 and 276?
138
Calculate the highest common factor of 520 and 25870.
130
Calculate the highest common factor of 255 and 893622.
51
What is the greatest common divisor of 168 and 69944?
56
Calculate the highest common divisor of 156695 and 95645.
2035
What is the highest common factor of 5031480 and 6?
6
Calculate the highest common divisor of 6960 and 64815.
435
What is the highest common divisor of 7163 and 130?
13
What is the greatest common factor of 269682 and 42?
42
What is the highest common factor of 27344 and 16?
16
Calculate the highest common factor of 3505 and 855.
5
Calculate the greatest common factor of 352 and 16852.
44
What is the greatest common factor of 178 and 17266?
178
Calculate the greatest common divisor of 129079 and 29.
29
Calculate the highest common factor of 2494 and 688.
86
Calculate the highest common divisor of 24 and 4476.
12
Calculate the greatest common divisor of 36 and 128.
4
Calculate the highest common divisor of 207 and 6279.
69
Calculate the highest common factor of 2116 and 611708.
92
Calculate the greatest common divisor of 1498 and 20762.
14
What is the highest common divisor of 75252 and 36?
12
Calculate the highest common factor of 17 and 4649.
1
Calculate the highest common factor of 2 and 175078.
2
What is the highest common factor of 14911 and 93?
31
What is the greatest common divisor of 44175 and 39?
3
What is the highest common factor of 342595 and 55?
55
What is the greatest common divisor of 61 and 2011719?
61
What is the highest common divisor of 289 and 3?
1
What is the highest common divisor of 1176 and 13377?
147
What is the highest common divisor of 15 and 4227615?
15
Calculate the highest common divisor of 105711 and 2505.
501
What is the highest common factor of 1056 and 451?
11
Calculate the greatest common factor of 668 and 190046.
334
Calculate the highest common factor of 182 and 12782.
14
Calculate the greatest common factor of 44697 and 987.
141
Calculate the greatest common divisor of 936 and 89973.
117
Calculate the greatest common divisor of 2068 and 652.
4
Calculate the highest common divisor of 208650 and 3510.
390
Calculate the greatest common divisor of 34 and 1334024.
34
What is the highest common divisor of 5656 and 37976?
808
Calculate the greatest common divisor of 7036 and 44.
4
What is the greatest common factor of 30954 and 17353?
469
Calculate the greatest common factor of 206 and 165521.
103
Calculate the greatest common divisor of 8 and 52984.
8
What is the greatest common divisor of 658 and 1530?
2
What is the highest common factor of 2072 and 1127?
7
Calculate the highest common factor of 2578 and 32.
2
What is the highest common factor of 121790 and 418?
38
Calculate the highest common factor of 84428 and 4.
4
What is the highest common factor of 406 and 2646?
14
What is the greatest common factor of 170 and 107542?
34
Calculate the greatest common factor of 92 and 294883.
23
What is the greatest common factor of 800 and 251360?
160
Calculate the greatest common factor of 9898 and 98.
98
Calculate the greatest common factor of 3460 and 460.
20
Calculate the highest common factor of 104 and 20134712.
104
Calculate the highest common factor of 1927 and 1269.
47
Calculate the highest common factor of 101312 and 7424.
64
Calculate the greatest common factor of 118 and 5983780.
118
What is the highest common factor of 118117 and 841?
29
What is the greatest common divisor of 2618 and 10098?
374
What is the highest common divisor of 4459 and 9191?
91
What is the highest common factor of 462 and 1278354?
462
What is the highest common factor of 4956 and 2989707?
1239
What is the highest common factor of 119418 and 754?
26
What is the highest common divisor of 16499 and 7?
7
Calculate the greatest common divisor of 30882 and 42.
6
What is the highest common divisor of 5200 and 133200?
400
What is the highest common divisor of 42 and 1695022?
14
Calculate the highest common factor of 288 and 24800.
32
What is the highest common factor of 2007 and 18?
9
What is the greatest common factor of 100 and 43375?
25
Calculate the highest common divisor of 85400 and 70.
70
What is the highest common factor of 22378 and 335?
67
What is the greatest common divisor of 264 and 212496?
24
What is the highest common factor of 272 and 18564?
68
What is the highest common factor of 332 and 1566044?
332
Calculate the highest common divisor of 93536 and 48.
16
Calculate the greatest common divisor of 12262 and 80.
2
Calculate the highest common divisor of 1380 and 10350.
690
Calculate the greatest common divisor of 443937 and 26.
13
Calculate the greatest common factor of 6664 and 119272.
136
What is the highest common factor of 670 and 14606?
134
Calculate the highest common divisor of 22692 and 1.
1
What is the greatest common factor of 555 and 2553?
111
Calculate the highest common divisor of 474 and 466.
2
Calculate the greatest common factor of 144 and 566448.
48
What is the highest common factor of 92 and 745982?
46
Calculate the highest common divisor of 29736 and 4356.
36
Calculate the greatest common factor of 622339 and 387.
43
What is the greatest common factor of 8120 and 4040?
40
Calculate the highest common factor of 96726 and 2820.
282
Calculate the greatest common divisor of 36435 and 4140.
15
What is the highest common factor of 784 and 11564?
196
Calculate the highest common divisor of 207 and 19527.
69
What is the greatest common divisor of 50901 and 188?
47
What is the highest common factor of 2225 and 4183?
89
Calculate the greatest common factor of 12 and 472551.
3
Calculate the greatest common factor of 3237 and 40066.
13
What is the highest common divisor of 24 and 38025?
3
Calculate the highest common factor of 2006 and 646.
34
What is the greatest common factor of 1107 and 5699?
41
Calculate the greatest common divisor of 216 and 5868.
36
Calculate the highest common divisor of 238910 and 140.
70
Calculate the greatest common divisor of 13068 and 20812.
484
What is the greatest common factor of 1395 and 585?
45
What is the highest common factor of 900 and 9320?
20
What is the greatest common divisor of 22 and 681461?
11
Calculate the highest common divisor of 2599 and 1808.
113
What is the highest common factor of 12985 and 20935?
265
What is the greatest common factor of 62 and 340628?
62
What is the greatest common factor of 1350 and 495?
45
What is the greatest common factor of 5104 and 69136?
464
What is the greatest common divisor of 973728 and 96?
96
Calculate the greatest common factor of 36 and 1916388.
36
Calculate the greatest common divisor of 891 and 123444.
81
Calculate the highest common divisor of 186 and 219666.
186
What is the highest common factor of 57490 and 10?
10
Calculate the highest common divisor of 5532 and 324.
12
Calculate the highest common divisor of 224656 and 32.
16
Calculate the highest common factor of 27288 and 1944.
72
What is the greatest common factor of 276 and 227700?
276
Calculate the highest common factor of 406 and 81722.
58
What is the greatest common factor of 3033 and 25407?
9
What is the highest common divisor of 124469 and 1748?
19
What is the greatest common factor of 60515 and 10?
5
What is the greatest common divisor of 541 and 1142051?
541
Calcu